3. Let o(a) = 8*a**3 - 20*a**2 + 8*a + 8. Let d(v) = 11*f(v) - 4*o(v). What is d(-3)?
-2
Let j be (35/(-10) - -4)/((-1)/12). Let m(a) = a**3 + 6*a**2 + 6. What is m(j)?
6
Let y(c) = c**2 + 5*c + 2. Let p(s) = -6*s + 2 + 4*s**2 - 4*s**2 - 6 - s**2. Let i = -6 + 0. Let z be p(i). What is y(z)?
-2
Let r(s) = 6*s**3 + 2*s**2 - s. Let b = -7 + 7. Suppose j = -4*m + 13 - 4, b = 3*m - 6. Calculate r(j).
7
Let v(k) = -k**3 + 3*k**2 + 1. Let l = 0 + 3. Determine v(l).
1
Let f(k) = -k**2 - 2. Let z be (-3)/12 - (-7)/(-4). What is f(z)?
-6
Suppose -10*n = -15*n - 5. Let u(k) = -6*k**2. What is u(n)?
-6
Let w(m) be the first derivative of -m**4/4 - 5*m**3/3 - 2*m**2 - 2*m + 1. Suppose 2*g - 3*r - 19 = -55, -4*r + 16 = 0. Let v = g - -8. Calculate w(v).
-2
Let z(p) = -5*p**3 - 1 - 2*p + 4*p**3 + 8 - 6*p**2. Let q(l) = l**2 - 2*l + 7. Let m be q(0). Let i = m - 12. Calculate z(i).
-8
Let f(i) = -i**3 - 19*i**2 + 22*i + 35. Let n be f(-20). Let a(q) = 2*q**2 + 7*q + 5. Give a(n).
20
Let x(m) = -m + 5 - 3 - m + m. Determine x(-4).
6
Suppose 2*u + 3*u + 15 = 0. Let n(o) = o**2 + o + 4. Determine n(u).
10
Let w(f) be the first derivative of 4*f**2 - 7*f + 1 - 1/4*f**4 + 4/3*f**3. Suppose 0 = 3*z + 2*b + b - 12, 0 = -5*z - 2*b + 23. Determine w(z).
8
Let t(p) be the first derivative of 1/2*p**2 + 0*p - 1/12*p**4 - 1 + 0*p**3. Let a(k) be the second derivative of t(k). Calculate a(1).
-2
Let s be (-2)/6 + 8/(-3). Let g = 5 + s. Suppose -5*a - g*m - m - 21 = 0, 0 = a + m + 5. Let r(t) = t**2 + t + 4. Give r(a).
10
Let r(c) = -c - 2. Let v = 4 - 2. Suppose -3*l - 16 = v. Give r(l).
4
Let a(q) = q**3 + 13*q**2 - q + 7. Let g be a(-13). Let n = -14 + g. Let f(v) = -v**2 + 8*v - 7. Give f(n).
5
Let y(s) = s**2 + s - 5. Let k be (-5 - 66/(-15)) + 6/10. Give y(k).
-5
Let b(d) be the first derivative of -d**2 - 8*d - 58. Determine b(-4).
0
Let d(k) = k**2 + 3*k + 1. Let y be d(-2). Let w be 8/20*(-10)/y. Let h(j) = 2*j + j**2 + 3 - w + 0*j. Calculate h(1).
2
Let d(n) = 2 - n - 1 + 2. Let v = 1216 + -1213. Determine d(v).
0
Let r(m) = m + 1. Let b(h) be the first derivative of h**3/3 - 3*h**2 - 3*h + 3. Let w(s) = -b(s) + r(s). What is w(6)?
10
Let h(w) be the first derivative of 5*w**3/3 - w**2/2 + w - 14. Calculate h(1).
5
Let z(j) be the third derivative of -1/12*j**4 + 1/6*j**3 + 0 + 5*j**2 + 0*j. Let v(g) = g**3 - 6*g**2 + 5*g + 2. Let p be v(5). Give z(p).
-3
Let w(f) = 6*f - 6. Let u(x) = -6*x + 5. Let v(c) = 5*u(c) + 4*w(c). Give v(3).
-17
Let u(h) = 7*h**2 - 1 + h**3 + 4*h - h**2 + 0. Suppose -13 = -4*y + 11. Let f(c) = c**3 - 7*c**2 + 4*c + 7. Let n be f(y). What is u(n)?
4
Let p(g) = 3*g**2 + 7*g. Let m be (-26)/(-6) - 2/(-3). Let q(h) = -h**2 - 3*h. Let w(z) = m*q(z) + 2*p(z). Give w(3).
6
Suppose 0 = -3*p - g - 39, -21 = -4*p + 5*p + 3*g. Let q(f) = -2*f - 15. Calculate q(p).
9
Let v(c) be the second derivative of -1/2*c**2 + 0*c**3 - 1/4*c**4 - 3*c + 0. Determine v(-1).
-4
Let y(q) = -3 - 7*q + 23*q - 15*q. Determine y(0).
-3
Let r(l) = l**2 - 5*l + 1. Suppose 11 = -d - 5*w, 3 = -4*w + 3*w. Calculate r(d).
-3
Suppose 4*d - 3*d = -n - 3, -3*n + d = -7. Let i be (-1)/((-8)/6 + 1). Let c(k) = -7*k + 0 + n - i*k. What is c(1)?
-9
Let g(k) = 3*k + 6. Let f(r) = r + 16. Let l be f(-10). Let o = -11 + l. Determine g(o).
-9
Let w be 24/(-9)*6/(-4). Let c(x) = 3*x + x - 2*x. What is c(w)?
8
Let u = -31 - -36. Let b(t) be the third derivative of -2*t**2 + 0 + 0*t - t**3 + 1/4*t**4 - 1/60*t**u. Give b(5).
-1
Let n(p) = -1 + 5*p - 4*p + 5*p**2 + 0 - 2*p. Determine n(-1).
5
Let d(h) = h + 12. Let c(t) = 2*t + 25. Let s(f) = 2*c(f) - 5*d(f). Give s(-8).
-2
Let l(o) be the first derivative of -1/2*o**2 - 2 - 3*o - 1/3*o**3. What is l(0)?
-3
Let r(n) = n**2 - 7*n. Let b(z) = z**3 - 7*z**2 + 7*z - 1. Let d be b(6). Give r(d).
-10
Let p(c) = 8 - 6*c**3 - 4*c**2 - 19 + c + 12 + 3*c**2. What is p(-1)?
5
Suppose n = -n - 8. Let g(h) = -1. Let d(a) = -a**2 - 6*a - 8. Let q(i) = d(i) - 3*g(i). What is q(n)?
3
Suppose 6*d = d + 15. Suppose -4 = -r - 2*l, 3*r - d = l + 16. Let f(y) be the third derivative of y**4/24 - 7*y**3/6 + 2*y**2. Calculate f(r).
-1
Let g(n) = -3 - 4*n - 1 - 3*n**2 - n**3 + 3*n. Let k be g(-3). Let t(b) = 0 + 7*b - 4*b**2 - 9*b - 1. Calculate t(k).
-3
Let u(h) = 4*h**2 - h - 1. Let n be u(-1). Suppose -n*m - s + 4 = 0, 4*m - 3*s + 12 = 2*m. Let v = 1 - m. Let b(j) = -2*j**2 - j. Give b(v).
-3
Let p(b) be the first derivative of 2*b**4 + b**3/3 + b**2 + b - 12. Calculate p(-1).
-8
Let l(x) = 5*x - 1. Let k(s) = s - 2. Let f be 1 - 3*(-4)/6. Let c be k(f). Suppose -1 = -w, y + 0*y + c = 2*w. Calculate l(y).
4
Let x(u) = -u**3 + u**2 - 2*u + 1. Let m(s) = 5*s**3 - 11*s**2 + 16*s. Let b(d) = -m(d) - 6*x(d). Give b(-6).
-18
Let y(a) = a + 3. Let w be 3/(2 + (-3 - 0)). Let i be w/(-1*(-9)/(-12)). Calculate y(i).
7
Let q(v) = v**3 + v**2 + v - 4. Suppose 5*j = 3*z, 0*z - 5*j = z. Determine q(z).
-4
Let k(m) = -4*m**2 + 2*m + 2. Let p(c) = 3*c**2 - 2*c - 2. Let r(l) = -2*k(l) - 3*p(l). Determine r(-2).
-6
Let f(p) be the first derivative of p**3/3 + 2*p**2 - 1. Suppose 0*q = -q + 2. Suppose -2*l + m = q*l + 19, 5*m - 3 = -3*l. Calculate f(l).
0
Let l be -3*2*(-6 + 45/10). Let p(a) = -a**2 + 8*a + 3. Determine p(l).
-6
Let o(n) be the first derivative of -3*n**4/4 + n**3/3 + 23. What is o(2)?
-20
Let w(r) = -r. Suppose 0 = 4*a - 28 - 8. Suppose a - 2 = j - s, 5*s = -4*j + 10. Suppose t - 3*x - 2*x + 31 = 0, -j*x = -2*t - 37. Give w(t).
6
Let k(c) = -2*c**2 - 37*c + 26. Let y be k(-19). Let b(r) = r**2 - 5*r - 9. Calculate b(y).
5
Let z = 21 - 19. Let t(h) be the second derivative of h + 1/2*h**z + 0 - 1/6*h**3. Calculate t(2).
-1
Let f(x) = -4*x**2 - 3*x - 4. Let s = 0 - -4. Let h = s - 0. Let b(k) = -4*k**2 - 2*k - 3. Let r(v) = h*b(v) - 3*f(v). Calculate r(-1).
-5
Let m(d) = d**3 + 3*d**2 + 2*d + 2. Let u be (1 - 13)*3/(-6). Suppose 0*c = -3*c - u. Give m(c).
2
Let u be (3 - (-2 + 0)) + -1. Let m(b) = 3*b - 14. Let l(t) = 2*t - 9. Let y(x) = -8*l(x) + 5*m(x). What is y(u)?
-2
Let t(r) be the second derivative of -1/12*r**4 + 0 - r + 1/6*r**3 + 1/20*r**5 - 3*r**2. What is t(0)?
-6
Let g(i) = -3*i - 6. Let m(t) = -t**3 - 13*t**2 - 9*t + 32. Let z be m(-12). What is g(z)?
6
Let g(m) = 3 - m + 0*m + m - m. Let f be (9 + -2)*2/2. Let i = 2 - f. Give g(i).
8
Suppose c + 1 = -x, -4*c - 7 = -4*x + 13. Let r(m) = -m**3 - 6*m**2 - 3*m + 4. Calculate r(c).
-14
Let g(m) = -16 + 0*m**2 + 6*m + 19 + m**2. Determine g(-4).
-5
Let a(n) = 2*n + 13. Let s be a(-6). Let t(h) = 2*h**3 + h**2 - 1. Determine t(s).
2
Let s(k) be the second derivative of -5/6*k**3 - 2*k**2 - 5*k + 0 + 1/12*k**4. What is s(6)?
2
Let v(p) = -5*p + 4. Let a be 2/(-2) + (1 - 1). Let g(k) = -k. Let y(t) = a*v(t) + 6*g(t). Let m be (-52)/(-12) + (-1)/3. What is y(m)?
-8
Let t(r) = 6*r + 4*r - 320 - r**3 + 328 - 2*r - 6*r**2. Give t(-7).
1
Let n(k) = 2*k**3 - 3*k**2 - k - 1. Let y(q) = -q**3 + 2*q**2 + 1. Let l(g) = -2*n(g) - 5*y(g). Suppose -2*z = 4*s, -4*s + z = s - 14. Determine l(s).
-7
Let p(c) be the first derivative of -c**3/3 + 3*c**2 - 2*c + 6. Calculate p(6).
-2
Let p(i) be the third derivative of 5*i**2 - 1/2*i**4 - 1/6*i**3 + 0*i + 0. Calculate p(-1).
11
Let r(t) = -t - 11 + 20 - 6. Determine r(6).
-3
Let j(l) = -l + 2. Let m = 12 - 18. Determine j(m).
8
Let x(j) be the first derivative of 5*j**2/2 - j + 3. Suppose -6 = 4*f - 14. Suppose -5*g - 3 = f. Give x(g).
-6
Suppose 0 = 5*a - 4*a + 2. Let s(c) = -c. Let d be s(a). Suppose 4*x + 10 = -3*b, -5*b - 24 = -d*x + 5*x. Let k(g) = g + 3. Calculate k(b).
-3
Let x be 6/(-4)*28/(-6). Let m(g) = -g**2 + 5*g - 16*g + 56 - 65. Let s(p) = -p**2 - 10*p - 8. Let u(a) = x*s(a) - 6*m(a). Determine u(-2).
2
Let j = 5 + -11. Suppose 5*y + 17 = -i, 4*i - 2*y - 23 = -i. Let t(r) = 5 + 6*r**2 + i*r**3 - 4 - 2*r**3. What is t(j)?
1
Let a be 36/(-48)*2*-2. Let y(g) be the third derivative of 3*g**2 + 0*g + 0 - 1/6*g**4 - 1/2*g**a + 1/60*g**5. Give y(5).
2
Suppose 3*b + 13 = -5. Let s be (-4)/b*6/4. Let f(c) = -4*c**2 - c. Give f(s).
-5
Let o(k) = -k + k + k + 0. Suppose -5*w = -2*d - 3, 2*w - 6*w = -4*d. Let u(f) = -f**3 - f**2 + 2*f - 9. Let v(y) = d*u(y) - o(y). What is v(0)?
-9
Let m(v) = 2*v. Let f be m(2). Suppose -3*i + 7*i - 21 = -w, -3 = -2*i - 3*w. Let n be